reatest common divisor of 133 and 608.
19
What is the greatest common divisor of 138 and 4416?
138
What is the greatest common divisor of 2208 and 690?
138
What is the greatest common factor of 3115 and 385?
35
Calculate the greatest common divisor of 117 and 36.
9
What is the greatest common factor of 30 and 6990?
30
Calculate the highest common divisor of 800 and 456.
8
Calculate the highest common divisor of 171 and 741.
57
What is the greatest common divisor of 327 and 218?
109
Calculate the highest common divisor of 6965 and 105.
35
Calculate the highest common divisor of 38 and 1862.
38
Calculate the highest common divisor of 1584 and 1008.
144
Calculate the highest common divisor of 33198 and 66.
66
What is the highest common divisor of 40 and 70?
10
Calculate the greatest common factor of 1464 and 48.
24
Calculate the highest common factor of 150 and 6225.
75
Calculate the highest common divisor of 10 and 670.
10
What is the greatest common factor of 153 and 17?
17
Calculate the greatest common factor of 6 and 3276.
6
Calculate the highest common factor of 99 and 1551.
33
What is the greatest common factor of 21 and 2?
1
Calculate the highest common divisor of 4 and 108.
4
What is the greatest common divisor of 880 and 380?
20
What is the highest common divisor of 408 and 12?
12
What is the greatest common divisor of 20 and 31180?
20
What is the greatest common divisor of 568 and 56?
8
What is the greatest common factor of 825 and 253?
11
Calculate the greatest common divisor of 120 and 120.
120
What is the highest common factor of 275 and 50?
25
Calculate the greatest common factor of 12590 and 5.
5
What is the greatest common factor of 207 and 3059?
23
Calculate the highest common factor of 68 and 238.
34
What is the highest common factor of 9 and 23787?
9
Calculate the highest common factor of 6 and 105.
3
Calculate the greatest common factor of 21 and 231.
21
What is the greatest common factor of 25 and 1?
1
Calculate the highest common factor of 37 and 592.
37
Calculate the highest common divisor of 551 and 58.
29
Calculate the greatest common divisor of 4 and 7156.
4
Calculate the greatest common divisor of 14 and 840.
14
Calculate the highest common factor of 160 and 155.
5
Calculate the greatest common factor of 60 and 84.
12
Calculate the greatest common divisor of 68 and 4.
4
Calculate the greatest common divisor of 183 and 3.
3
What is the greatest common divisor of 17 and 1105?
17
What is the highest common divisor of 17904 and 144?
48
What is the highest common divisor of 56 and 42?
14
What is the greatest common divisor of 14852 and 752?
188
What is the greatest common factor of 9375 and 250?
125
Calculate the highest common divisor of 12214 and 62.
62
What is the highest common divisor of 31 and 496?
31
What is the greatest common divisor of 32 and 1936?
16
Calculate the highest common factor of 38 and 8.
2
Calculate the highest common divisor of 783 and 54.
27
Calculate the highest common factor of 231 and 1169.
7
Calculate the greatest common divisor of 1909 and 230.
23
Calculate the highest common factor of 2128 and 399.
133
Calculate the highest common divisor of 1206 and 18.
18
Calculate the highest common factor of 784 and 28.
28
What is the highest common divisor of 987 and 282?
141
What is the greatest common divisor of 61 and 183?
61
What is the highest common divisor of 40 and 60?
20
Calculate the highest common factor of 1518 and 528.
66
Calculate the greatest common factor of 75 and 12165.
15
What is the highest common factor of 6 and 1302?
6
Calculate the greatest common factor of 5 and 1405.
5
What is the greatest common factor of 232 and 609?
29
Calculate the highest common factor of 321 and 3.
3
What is the greatest common divisor of 100 and 4900?
100
Calculate the greatest common factor of 364 and 208.
52
Calculate the greatest common divisor of 4872 and 435.
87
Calculate the highest common divisor of 7 and 1610.
7
What is the highest common divisor of 180 and 684?
36
What is the greatest common divisor of 207 and 483?
69
What is the highest common divisor of 1152 and 128?
128
What is the greatest common factor of 352 and 121?
11
Calculate the greatest common factor of 6420 and 210.
30
Calculate the greatest common factor of 1209 and 93.
93
Calculate the highest common divisor of 33 and 6798.
33
What is the highest common divisor of 1944 and 24?
24
Calculate the greatest common factor of 119 and 527.
17
What is the highest common divisor of 10 and 970?
10
Calculate the highest common divisor of 90 and 80.
10
Calculate the greatest common divisor of 3107 and 13.
13
Calculate the highest common divisor of 755 and 6191.
151
What is the highest common factor of 799 and 94?
47
What is the greatest common divisor of 154 and 574?
14
Calculate the highest common divisor of 1360 and 1071.
17
What is the highest common factor of 15 and 395?
5
Calculate the greatest common divisor of 22 and 352.
22
What is the greatest common factor of 80 and 5744?
16
What is the greatest common factor of 1961 and 477?
53
Calculate the greatest common divisor of 1590 and 38690.
530
What is the highest common divisor of 150 and 52950?
150
Calculate the highest common divisor of 8690 and 110.
110
What is the highest common divisor of 28 and 1316?
28
What is the greatest common factor of 17457 and 33?
33
Calculate the greatest common divisor of 252 and 210.
42
What is the greatest common factor of 203 and 28?
7
What is the highest common divisor of 4 and 38?
2
What is the highest common divisor of 6732 and 33?
33
What is the greatest common divisor of 990 and 15?
15
Calculate the greatest common divisor of 5499 and 234.
117
Calculate the greatest common factor of 5 and 1565.
5
What is the highest common factor of 32 and 8864?
32
What is the greatest common factor of 630 and 18?
18
Calculate the highest common factor of 406 and 174.
58
What is the highest common divisor of 4851 and 49?
49
Calculate the greatest common factor of 10 and 850.
10
What is the greatest common divisor of 51 and 5559?
51
Calculate the greatest common divisor of 94 and 329.
47
Calculate the greatest common factor of 9475 and 425.
25
What is the greatest common divisor of 8 and 4496?
8
Calculate the greatest common factor of 825 and 19250.
275
Calculate the greatest common factor of 128 and 80.
16
What is the highest common divisor of 1269 and 216?
27
What is the greatest common factor of 183 and 13542?
183
What is the greatest common divisor of 270 and 120?
30
Calculate the greatest common factor of 890 and 50.
10
Calculate the highest common factor of 1400 and 60.
20
Calculate the highest common divisor of 228 and 4636.
76
Calculate the highest common factor of 24 and 272.
8
What is the greatest common divisor of 980 and 210?
70
What is the highest common divisor of 28815 and 45?
15
What is the greatest common divisor of 20851 and 29?
29
Calculate the greatest common divisor of 21077 and 7.
7
Calculate the highest common divisor of 790 and 2528.
158
Calculate the greatest common divisor of 720 and 640.
80
Calculate the greatest common factor of 2 and 67.
1
Calculate the greatest common factor of 1088 and 4928.
64
What is the highest common divisor of 392 and 24?
8
Calculate the highest common factor of 335 and 40.
5
What is the highest common factor of 104 and 8632?
104
What is the greatest common divisor of 25 and 25?
25
What is the greatest common divisor of 740 and 666?
74
Calculate the highest common divisor of 841 and 232.
29
What is the greatest common divisor of 18 and 6066?
18
What is the highest common divisor of 25 and 15?
5
Calculate the greatest common factor of 16203 and 33.
33
Calculate the highest common factor of 6475 and 63.
7
Calculate the highest common divisor of 320 and 180.
20
Calculate the greatest common divisor of 1 and 41.
1
What is the highest common factor of 515 and 309?
103
Calculate the highest common factor of 200 and 260.
20
Calculate the highest common divisor of 204 and 8466.
102
What is the highest common factor of 1144 and 208?
104
What is the highest common divisor of 12 and 2564?
4
Calculate the greatest common divisor of 316 and 4.
4
Calculate the highest common divisor of 20 and 56.
4
What is the greatest common fa